 = -6 - -2. Let s be ((-8)/(-6))/(2/6). Let m(y) = -s + 3*y + 2*y**2 - 2*y**2 + y**2. What is m(a)?
0
Let a(d) = 4*d + 3. Let z be a(-2). Let l(c) = -c**3 - 6*c**2 - 6*c - 3. What is l(z)?
2
Let v(h) = 2*h**3 - h**2 - h + 1. Let t = -13 - -8. Suppose 0 = 5*s - 2*c + 22, 0 = -2*s - s - 2*c - 10. Let x = s - t. Give v(x).
1
Let o be ((-1)/2)/(1/(-4)). Let y(x) = -6*x**2 + 0*x**o + 5*x**2. What is y(1)?
-1
Let k = 3 + 2. Let b(r) = -r + 15. Let v(t) = -t + 14. Suppose -3*z - 3 - 12 = 0. Let a(l) = z*v(l) + 4*b(l). Calculate a(k).
-5
Let g(y) = -y**2 + y + 5. Let t(f) be the third derivative of -f**4/24 - f**3/6 + 2*f**2. Let j be t(-2). Let o be ((1 + -1)/j)/(-1). Determine g(o).
5
Let w(a) = a**3 + 4*a**2 - 6*a + 1. Suppose 4*u = -4*c - 28, 0 = -2*c + 2*u - 3 - 3. Calculate w(c).
6
Let v(q) = q + 4. Let s = 6 + -1. Let x = 8 - s. Suppose x*p + 0*p + 15 = 0. Calculate v(p).
-1
Let k(d) = 8*d + d**3 + 10*d - 2*d**2 - 21*d - 1 + 3*d**2. Calculate k(-2).
1
Let m(j) = -6*j**3 - 6*j**2 - j + 7. Let n(t) = t**3 - t - 1. Let s(g) = m(g) + 5*n(g). Suppose -3*v - 2*v = 25. Give s(v).
7
Let d = 16 + -16. Suppose 0 = -v + 2*k - 3 - 1, -3*v - k + 9 = d. Let y(x) = 2*x**2 - 2*x - 1. What is y(v)?
3
Suppose 76 = 3*j - 2*c - 102, -1 = -c. Let i = j + -36. Let x(q) = -5*q + q + i - 23. Determine x(2).
-7
Suppose 2*y - 5*b = -y - 7, -2*y = 4*b + 12. Let q(g) = -25 - 5*g + 28 - 3*g**2 - 3*g. Let o(n) = n**2 + 3*n - 1. Let r(x) = 7*o(x) + 2*q(x). What is r(y)?
-5
Let d(u) = -2*u**2 - 3*u - 2. Let g(k) = k - 2. Let h be g(-6). Let f be 1*4*h/(-16). Suppose 4 = f*i + 10. Give d(i).
-11
Let w(a) be the first derivative of -a**3/6 - a**2/2 + a + 3. Let t(g) be the first derivative of w(g). What is t(4)?
-5
Let v(f) = -f - 13 + f**3 + 5 + 0*f**3 + 4. What is v(0)?
-4
Let i be (-1 + 0)/(5/(-35)). Let b(f) = -f**2 + 8*f - 1. Determine b(i).
6
Let s(y) = y**3 + 5*y**2 - y - 1. Let j = -4 + 6. Let w(g) = -16*g**j + 2*g - 5 + 15*g**2 - 8*g. Let a be w(-6). Calculate s(a).
4
Suppose 0*o + 108 = 4*o. Suppose -o = -g - 2*g. Let b(a) = -a - 4*a**3 + g - 2 + 3*a**3. Give b(0).
7
Suppose -5*r + 0*r + 25 = 0. Let m(p) = -p**2 + 8*p - 6. What is m(r)?
9
Let w(m) be the first derivative of -4*m**2 + 3*m + 6. Calculate w(2).
-13
Let m(g) be the first derivative of -g**3/3 - g**2/2 + 3*g + 3. Determine m(4).
-17
Let l(p) = 3*p + p - 3*p. What is l(-4)?
-4
Suppose -6 - 2 = -2*d - n, 5*d - 20 = 5*n. Let s(t) = -d*t**2 + 0*t**3 + t - 7*t + 3 + t**3 + 2. What is s(5)?
0
Let o(y) = -2*y**2 - 1. Let v = -9 - -20. Let s = -21 + v. Let b be 2/4 - s/(-4). Give o(b).
-9
Let i be 3/(3/5) - 1. Let r(v) = v - 3*v - 5*v**2 + 2 + 6*v**2 - i. What is r(4)?
6
Let m(c) be the first derivative of 5*c**2/2 - 9*c - 24. Determine m(7).
26
Let z = -24 - -16. Let q(s) = -s - 2. Calculate q(z).
6
Suppose -3*v - 12 = v. Let m be (2/v*-3)/2. Let x(s) = 3*s + m - 2*s**2 - s - 4*s. Determine x(1).
-3
Let j(l) be the third derivative of l**4/24 - 15*l**2. Determine j(5).
5
Let o(c) = 2 - 3 + 0 + c - 4. Let a(v) = 3*v - v**3 + 4*v**2 + 2 - 3*v**2 - 2*v. Let n be a(2). Give o(n).
-5
Let d(f) = 4*f + 1 - 2*f - 5 - 5. Give d(6).
3
Let p(w) = w + 1. Let i = 1 + 3. Let l = -1 + i. What is p(l)?
4
Let o(w) = -7*w**2 + 1. Let x(d) = 2*d**2 - 19*d + 8. Let m be x(9). Determine o(m).
-6
Let f(t) = 2*t + 40. Let j be f(-18). Let b(u) = -u**2 + 5*u. Calculate b(j).
4
Let z(n) = -3*n + 3*n**3 - n**2 + 0*n**3 - 2*n**3. Let a be 118/(-295) + (-2)/(20/(-34)). What is z(a)?
9
Suppose 0 = -4*a + 82 - 98. Let v(f) = f**3 + 3*f**2 - 6*f - 3. Calculate v(a).
5
Let y(o) = -5*o**2 - 17*o + 1. Let r(b) = -3*b**2 - 9*b. Let s(j) = -7*r(j) + 4*y(j). Let a = -33 - -36. Determine s(a).
-2
Let q(l) be the third derivative of -1/60*l**5 + 5/24*l**4 + 0 + 5*l**2 + 1/3*l**3 + 0*l. Determine q(5).
2
Let i be 22/7 + (-5)/35. Suppose 2*h = -h - t - 10, -i*t = -3*h + 6. Let w(b) = 2*b**2 + b + 1. What is w(h)?
7
Let b(s) = -s + 8. Let h(n) = 5*n + 10. Let g be h(-5). Let c be (-1 + 7)/(g/(-10)). Give b(c).
4
Let i(z) = z**3 - 5*z**2 + 6. Suppose -q - 3*q - 16 = 0. Let f(h) = h + 4. Let a be f(5). Let b = q + a. What is i(b)?
6
Let p(s) = -4*s**2 - 2*s - 2. Let d be -4 + 5/(5/2). Calculate p(d).
-14
Let v(f) be the first derivative of f**5/120 + f**4/24 + f**3/3 + 4. Let b(j) be the third derivative of v(j). Determine b(6).
7
Let f(t) be the first derivative of -t**2/2 - 2*t - 2. Let n(r) = r**3 + 9*r**2 - 5. Let a be n(-9). What is f(a)?
3
Let h(s) be the third derivative of -s**7/2520 - s**6/360 - s**5/60 + s**4/12 - 3*s**2. Let m(c) be the second derivative of h(c). Calculate m(-4).
-10
Let i = 10 - 14. Let y(m) = -m**2 - m + 1. Let a(q) = 2*q**2 + 2*q - 2. Let z(h) = -3*a(h) - 5*y(h). Give z(i).
-11
Let y(f) = -f + 7. Let b(j) = -j**2 + 6*j - 3. Let w be b(5). Let c(o) = -1 + 3*o - w*o - 2*o. Let t be c(-6). Calculate y(t).
2
Let w = -7 - -17. Suppose s = 3*s - w. Let v = -1 + s. Let a(p) = p**2 - 3*p - 5. What is a(v)?
-1
Let f(d) = -6*d**2 + 3. Let u(r) = -5*r**2 + 2. Let w(n) = 4*f(n) - 5*u(n). Suppose 2*v + 3 = -3. Let i = -3 - v. Determine w(i).
2
Let r(b) be the second derivative of b**3/6 + 5*b**2/2 + 36*b. Determine r(-5).
0
Let t be 2/8 + 2/(-8). Suppose t*k - 2*k - 2 = 4*x, 5 = -5*k + 3*x. Let i(s) be the third derivative of -s**5/12 + s**4/12 + s**3/6 + 2*s**2. What is i(k)?
-6
Let j(c) = -c**2 - 7*c. Let a be j(-3). Suppose 0 = w + w - a. Let q(m) be the second derivative of m**4/12 - 7*m**3/6 + 5*m**2/2 - 2*m. Determine q(w).
-1
Let s(l) be the third derivative of 0*l + 0*l**3 + 0*l**5 + 0 - l**2 + 1/24*l**4 - 1/720*l**6. Let x(n) be the second derivative of s(n). Give x(-1).
1
Let c(i) = i + 6. Let n be c(-5). Let t(z) = -3*z + 1. Let s(m) = 4*m. Let v(j) = -7*j. Let r(y) = 5*s(y) + 3*v(y). Let b(u) = -6*r(u) + t(u). What is b(n)?
4
Let k(t) = -1 + 4*t - t - 4*t. Let l(p) = -2*p + 4*p - p. Let i be l(-5). Give k(i).
4
Let y(p) be the third derivative of 0*p - 1/3*p**3 + p**2 + 0 - 1/8*p**4. Calculate y(2).
-8
Suppose -l = g + l - 3, 0 = -4*g - 4*l + 12. Let h be 2*((-14)/(-4) - 2). Let x(t) = -g*t - 4 + 1 - h. Determine x(-4).
6
Let k(c) be the third derivative of -c**6/120 + 7*c**5/60 + c**4/24 - 2*c**3/3 - 13*c**2. What is k(7)?
3
Let u(a) be the second derivative of a**3/3 - 3*a**2 - 2*a. Give u(5).
4
Suppose -6*s - 1 + 31 = 0. Let i(u) = -u - 4. Let j(t) = 1. Let b(y) = -i(y) - 2*j(y). Calculate b(s).
7
Let c(l) = -l + 3. Suppose -5*k + 6 - 41 = 0. Determine c(k).
10
Let w(m) = 37*m**3 - 116*m**3 + 41*m**3 + 5*m**2 - 7 + 37*m**3. Determine w(5).
-7
Let u(j) = -j**3 + 7*j**2 + 6*j - 1. Let r = -77 - -85. Give u(r).
-17
Let d be 7/2 - (3 + 0). Let w(h) be the first derivative of -1 - d*h**2 + 6*h. Give w(5).
1
Let g be (-10 + 1)/((-6)/4). Let r(x) = 7*x - 45. Let c be r(7). Let q = c - g. Let i(l) = -2*l - 1. Give i(q).
3
Let h(a) be the second derivative of -a**4/12 + a**3 + 5*a. What is h(6)?
0
Let o(m) = m + 1. Let v = 9 + -15. Calculate o(v).
-5
Let h(i) = -3 + 3*i + 0*i + 4*i**2 + 5 + i**3. Let u(p) = p**2 + 6*p - 10. Let c be u(-7). Determine h(c).
2
Let h = 2 + -3. Let u(z) = z**3 + 12*z**2 + 11*z - 3. Let s be u(-11). Let b(v) = v**2 + v - 1. Let a(x) = -x + 4. Let w(l) = s*b(l) - a(l). Determine w(h).
-2
Let v(d) be the third derivative of -d**3/6 + 5*d**2. Let z(t) = -t**2 + 3*t. Let g(x) = -4*v(x) + z(x). Give g(3).
4
Let z(h) = h**3 - h**2 + 3*h - 4. Let x be -1*(-4)/(4/(-5)). Let p = -18 - -12. Let m(k) = -k**3 + k**2 - 2*k + 4. Let v(b) = p*m(b) + x*z(b). Calculate v(3).
5
Let a(l) = l**3 + 5*l**2 + 3*l. Let j(f) = f**2 + 6*f + 3. Let r be j(-5). Determine a(r).
6
Let m(f) = -f**2 + f. Suppose 3*v = -v - 5*h + 47, 5*h - 15 = 0. Let z = v + -5. Give m(z).
-6
Let m(v) = -v**3 - v**2 - v. Let f(g) = 5*g**3 + g**2 + 3*g - 1. Suppose 3*s - 44 = 7*s - 5*l, 2*s - 4*l + 28 = 0. Let x(a) = s*m(a) - f(a). What is x(-4)?
5
Let p(q) = q**3 - 3*q**2 - 2*q + 2. Let l = 16 + -14. Let i be ((-8)/l)/(16/(-8)). Calculate p(i).
-6
Let k(q) = -q**2 - 6*q + 10. Suppose 18*n + 14 = 16*n. Calculate k(n).
3
Let b be (-1)/(-4) - (-25)/(-4). Let p be (-12)/9*b/4. Suppose 5 = p*n - 5. Let c(u) = -u**2 + 6*u - 1. Give c(n).
4
Let f(m) = 0 + 2 + 18*m - 11*m. Give f(3).
23
Let z(a) = 2*a - 5. Let s(x) = 2*x - 6. Let g(r) = -4*s(r) + 5*z(r). W